first derivative of -z**3/3 + 13*z**2/2 - 16*z + 53. Let a = 9 + 0. What are the prime factors of n(a)?
2, 5
Suppose 4*p - 12*p + 6*p = 0. Suppose -65*n + 58*n + 7343 = p. What are the prime factors of n?
1049
Let c(w) = 3*w + 9. Let t be c(-3). Suppose 12*x - 19*x + 1736 = t. Let u = -103 + x. List the prime factors of u.
5, 29
Let a be (-3)/(-2)*(-36)/54 - 215. Let j = a + 845. What are the prime factors of j?
17, 37
What are the prime factors of 9/(-6) + (-3885)/(-2)?
3, 647
Suppose -4*g = -4, -6*g = 5*d - 3*g - 293. Suppose 3672 = 64*i - d*i. List the prime factors of i.
2, 3, 17
Let i(v) be the second derivative of 11*v**3/2 + 9*v**2/2 + 8*v - 2. Let g = -4 + 5. What are the prime factors of i(g)?
2, 3, 7
Let f = -43 - -46. Let v(h) = -h**3 - 11*h**2 - 8*h + 23. Let i be v(-10). Suppose -f*t + 187 = -5*q, i*t + 4*q = 2*q + 194. What are the prime factors of t?
2
Let v be 4/(-6) + (-4675)/(-33). Suppose 3*c - 5*a - 215 = v, -c + 4*a + 121 = 0. Let r = 179 - c. List the prime factors of r.
2, 31
Suppose -2978*w + 166958 = -2956*w. What are the prime factors of w?
7589
Let c be 45/11 - (-1)/(-11). Suppose 0 = 3*h - 0*u + u - 2302, 0 = -c*h - 5*u + 3073. What are the prime factors of h?
13, 59
Suppose -39*m + 13*m = 30*m - 1340808. What are the prime factors of m?
3, 23, 347
Suppose 0 = 4*z + i - 75, 0 = 2*z + 3*z - 3*i - 115. Let o = 144 + z. Suppose -7*r = -74 - o. List the prime factors of r.
2, 17
Let l be (-34)/(-102) + -1 + 6602/(-6). Let u = -834 - l. What are the prime factors of u?
3, 89
Let b(s) = -12 + 23 - 17 + 6*s**2 - 3*s**2 + 6*s - s**3. Let i be b(4). Suppose 204 = i*c - 18. List the prime factors of c.
3, 37
Let u(o) = -o**2 - 16*o - 5. Let h be u(-11). Let l = h + -131. Let p = 290 + l. List the prime factors of p.
11, 19
Let b = 138 + -354. Let p = 232 + b. List the prime factors of p.
2
Suppose -152940 = 75*z - 90*z. What are the prime factors of z?
2, 2549
Let b = -164 - -246. Suppose -2*h + b + 1210 = 0. Suppose -3*j + 410 = 5*i - 228, 3*j + i - h = 0. List the prime factors of j.
2, 3
Suppose 4*y + 4 = -5*d, y + 12 = -0*d - 4*d. Suppose 5*b + 3*c + 47 = 0, -2*b + 2*c - y*c = 18. What are the prime factors of (198/45)/((-1)/b)?
2, 11
Suppose 3*f + 9 = 0, 7*g - 10*g = -2*f - 2652. Let b = g - 34. List the prime factors of b.
2, 53
Let h(q) = -9 + 2*q - 18*q**3 + 12*q**3 + 18*q**2 + 5*q**3 + 5. List the prime factors of h(9).
743
Let i = -4654 - -10475. What are the prime factors of i?
5821
Let h(x) = 8*x**3 - 27*x**2 + 294*x + 87. What are the prime factors of h(15)?
2, 3, 19, 223
List the prime factors of 996/54*573 - (0 + (-2)/6).
3, 13, 271
Let i = 213 - 213. Suppose 0 = 5*d - h - 840, i = -6*h + 8*h. What are the prime factors of d?
2, 3, 7
Let y(t) = 104*t - 603. What are the prime factors of y(48)?
3, 7, 11, 19
Let o(l) = l**2 - 12*l - 7. Let m be o(13). Suppose -m = w - 8. List the prime factors of 162 - (1/w)/((-6)/(-12)).
7, 23
Suppose -29*x = -24604 - 12487. Suppose 3*m - 1970 = x. What are the prime factors of m?
3, 19
Let n = 182333 + -90844. What are the prime factors of n?
191, 479
Let r = -43806 - -79029. What are the prime factors of r?
3, 59, 199
What are the prime factors of ((-522888)/60)/2*-5?
21787
Suppose 3*s + 2*o + 512 = 0, 3*o + 0*o = -2*s - 348. List the prime factors of ((-223)/(-3))/((-28)/s).
2, 223
Suppose 2*y + 9937 = 2*u - 2427, 3*u - 18562 = y. List the prime factors of u.
2, 5, 619
Let s(i) be the second derivative of -27*i**4/4 + i**3/2 - i**2 + i. Let a be s(1). List the prime factors of (-958)/(-5) - 32/a.
2, 3
Suppose 3*x + d - 100780 = 0, 2*d + 241384 = 5*x + 73432. What are the prime factors of x/95 + (-2)/(-5) - -4?
2, 179
Suppose -5*m + 5*x = x - 56618, 22655 = 2*m + x. What are the prime factors of m?
2, 7, 809
Let p(k) = -7*k - 70. Let b be p(-9). Let g(a) = -a**3 - 5*a**2 - 18*a - 17. List the prime factors of g(b).
3, 23
Let v be (76/10)/((-1)/(-750)*6). Let u = v + -563. What are the prime factors of u?
3, 43
Let i = -211 + 108. Let w = 127 + i. List the prime factors of w.
2, 3
Suppose 27528 = 36*r - 32*r. Suppose r = 12*x - 6066. List the prime factors of x.
13, 83
List the prime factors of 497/14*76*2.
2, 19, 71
Let r(n) = -586*n + 224. Let h be r(-6). Suppose h = 256*m - 251*m. List the prime factors of m.
2, 11, 17
Let m(h) = 18*h - 226. Let f(o) = o - 2. Let t(a) = 4*f(a) - m(a). List the prime factors of t(-12).
2, 193
Let j(h) = h**3 + 11*h**2 - 6*h - 13. Let w(v) = -v**3 - 8*v**2 - v. Let i be w(-8). Let l be (-3)/((i/12)/2). List the prime factors of j(l).
7, 29
Let h = 24 - 22. Suppose -3*t + n + 20 = h*n, -5*t = -5*n. Suppose -7*w + 29 = -4*w + 2*i, t*w + 2*i = 51. List the prime factors of w.
11
Let v = 5805 + 2835. List the prime factors of v.
2, 3, 5
Suppose 35 = -5*v - 250. Let y = v + 634. List the prime factors of y.
577
Let u(r) = 11 + 53*r - 35*r - 3. List the prime factors of u(19).
2, 5, 7
Let r be (4 - (-10)/(-4))*(-36)/(-6). Suppose 6*q - r*q + 741 = 0. What are the prime factors of q?
13, 19
Suppose -193 = 2*j - 3*j. Suppose -1074 = -199*s + j*s. List the prime factors of s.
179
Let h be 8/(-36) - 75/27. Let d = h - 0. What are the prime factors of (16/12)/(d/(-9))?
2
What are the prime factors of (-19 - -17)/(((-26)/650)/(365/2))?
5, 73
Suppose -5*t - 10 = 0, 2542 = -4*n - 3*t + 8644. Suppose 10*d - n = -327. What are the prime factors of d?
2, 3, 5
Suppose -64890 = -59*u + 154*u - 497710. List the prime factors of u.
2, 17, 67
Let y = 1228 - -3616. List the prime factors of y.
2, 7, 173
Let f be 3 - (2/1)/((-28)/70). Suppose -3609 = -5*w - 3*z, -732 = 7*w - f*w - 4*z. What are the prime factors of w?
2, 3, 5
Let a(z) = z**2 + z - 21. Suppose 3*r = u - 39, u = -4*r + 4*u - 52. Let g be a(r). Suppose 31*w = 34*w - g. List the prime factors of w.
3, 5
Let s = -1122 + 565. Let v = s + 952. Suppose v = 3*f + 5. What are the prime factors of f?
2, 5, 13
List the prime factors of -8 + 7 + 14497 + (-2 - -1 - -2).
7, 19, 109
Suppose -v - 3*p + 32278 = 0, -14*v + 11*v + 4*p + 96821 = 0. List the prime factors of v.
5, 1291
Let v be -6*((-2)/4 - 0/1). Suppose 2*y - 1 = 2*r + 1, v*y - 7 = r. Suppose -4*q + 171 = 3*f, q - 3*q + 82 = -r*f. What are the prime factors of q?
2, 3, 7
Let c = -5795 - -9106. What are the prime factors of c?
7, 11, 43
Let z(n) = -28*n**2 - 29*n + 47. Let d(k) = 13*k**2 + 15*k - 24. Let f(t) = 9*d(t) + 4*z(t). What are the prime factors of f(15)?
2, 691
Let f(z) = 5*z**2 - 12*z + 8. Let r be 10/95 - (-376)/38. What are the prime factors of f(r)?
2, 97
Let r(k) = -2*k + 18. Let l(j) be the second derivative of -j**3/6 - 14*j**2 - 29*j. Let x be l(-5). List the prime factors of r(x).
2
Suppose -3*p + 1151 = 4*g, -2*g - 15*p = -11*p - 588. What are the prime factors of g?
2, 71
Let p(f) = -550*f + 9994. List the prime factors of p(-108).
2, 13, 17, 157
Let a(q) = q**3 - 26*q**2 + 24*q + 18. Let n = -59 + 84. Let t be a(n). Let z(h) = -18*h + 50. List the prime factors of z(t).
2, 11
Suppose 4*f + 7*f - 150568 = 0. List the prime factors of f.
2, 29, 59
Let z(h) = -3*h**2 + 23*h - 9. Let u be z(7). Suppose 90 = -u*l + 4450. Suppose 6*y = -l + 2174. What are the prime factors of y?
7, 31
Suppose -2627 + 141 = -11*p. Suppose -f + 262 = -5*s, 0 = -5*f - s - p + 1666. Suppose 5*n = -3*h + f, 6*h - h - 227 = -4*n. What are the prime factors of n?
2, 29
Let x(y) = -2*y**2 + 32*y + 61. Let c be x(19). Let b = -7 + 122. Let m = c + b. List the prime factors of m.
2, 31
Let h = 3945 - -10042. List the prime factors of h.
71, 197
Let f = 229 - 97. Let s = -152 + 81. Let z = f + s. What are the prime factors of z?
61
Suppose -4*r = -4*b + 26000, -155*r - 26012 = -4*b - 154*r. List the prime factors of b.
2, 3, 271
Suppose 3*w + 3*w = 552. Suppose -w + 399 = n. List the prime factors of n.
307
Let u = -49 - -47. Let i be u/((0 - 4)/(-2)). What are the prime factors of (i + 5)*(-169)/(-52)?
13
Let w(a) = 2*a**2 - 12*a + 21. Let c be w(7). Suppose 4*b - 3228 = -2*m, c*m = b + 36*m - 809. List the prime factors of b.
5, 7, 23
Let z(r) = 648*r + 1276. What are the prime factors of z(14)?
2, 13, 199
Suppose 14*j + 19526 = 4*u + 12*j, -2*u = -2*j - 9764. What are the prime factors of u?
3, 1627
Suppose -5*b = -258 - 367. Let x = 204 - b. Let s = 132 - x.